-39
Evaluate 0 + 41 - (82 + 47 + -68 - 46).
26
Calculate (13 - -16) + -15 - (1 - -3 - 27).
37
Calculate -9 + 12 + 38 - (-8 - -10 - 6).
45
Evaluate -2 + (7 - ((-7 - (-1 + -8) - -9) + 38)).
-44
What is the value of 0 - -7 - (70 - 2 - (89 + -26 - 45))?
-43
Evaluate (151 + -263 - -50) + -10.
-72
Evaluate (275 - 293 - (-1 + -7)) + -38.
-48
What is the value of (3 - -1) + 18 + -18 - (1921 - 1819)?
-98
Evaluate -3 + -17 + (148 - -8 - 110).
26
Evaluate 114 + (11 + -93 - 103).
-71
What is the value of -73 + (-62 - (-15 - 58))?
-62
Calculate -5 - (-19 + -41) - (7 + (-11 - -6)).
53
Evaluate 60 + (31 - 75) - (0 - -57).
-41
Calculate (-311 + 295 - (0 - 0)) + 20 + -8.
-4
What is the value of (-1 - 5 - (-216 + 271)) + (1 + 11 - 4)?
-53
What is the value of (-2 - (2 - 1) - -6) + -104 + 97?
-4
What is (-90 - (-13 + (22 - 20))) + 22?
-57
Calculate 122 + 31 + -61 - (0 + 22).
70
30 + (25 - (-4 - (6 - 23)))
42
What is the value of (-11 - (2 - 5)) + 0 + (-106 - -111)?
-3
What is 80 - (153 + -61) - (0 - (1 - 0)) - 17?
-28
Calculate -9 - -37 - (-13 - (-25 + -38)).
-22
Calculate 75 - (2 + -2 + 2 + (166 - (114 - -56))).
77
Calculate -461 - -482 - (8 - 2 - -6 - -5).
4
(2 - 2) + (-15 + 2 - (-21 + 18)) - 44
-54
Evaluate (2 - 4) + -1 - -16 - (-57 + -114 - -315).
-131
-91 - ((226 - 141) + -299)
123
Calculate 2 - 60 - (58 + (-8 - 43)) - 7.
-72
What is (-10 - (-16 - 0)) + -11 - (189 - 167)?
-27
What is the value of 6 + -6 + 9 + 30 + -34?
5
What is 41 + -3 + 4 + 2402 + -2505?
-61
Evaluate -1 + (108 + -99 - (1 - 0 - -5)) - 0.
2
Evaluate 13 + (13 - -2) - (20 - -1).
7
What is the value of -56 - (-10 + -50) - (1 + 2)?
1
Calculate -2 + -47 - (-19 - (-4 + (7 - 8) + -4)).
-39
(10 + -24 - -15) + (-35 - (-7 - -17))
-44
Evaluate 41 + -155 + (72 - -6).
-36
What is the value of (7 - -22) + (-929 - -883)?
-17
What is -896 + 905 - (-11 + -1 + 2)?
19
Calculate -18 - (-27 + (-20 - -69)).
-40
Calculate (-1 - -8 - (-26 + 40)) + (-57 - -150).
86
What is the value of 50 + (-15 - 10) - 20?
5
Calculate 46 - ((-27 - (-26 - 41)) + 64).
-58
Evaluate -570 + 546 + (-1 - -106 - -2).
83
(-34 - -13 - -28 - -29) + -15
21
-5 + 4 - 0 - (-54 - -53) - 8
-8
Calculate (2 + 98 - -1) + (-64 - -4 - (-534 + 464)).
111
Evaluate 50 + 57 + (-61 - 72).
-26
Evaluate 109 + 5 - 89 - (0 + 0 + -9).
34
What is -9 + (26 - 0) - 15 - 21?
-19
What is 1 + 2 + -61 - (-9 + (-39 - -25) - -15)?
-50
What is -18 + 36 + -35 + 103 + 8 + 1?
95
What is the value of -19 + -1 + (2 - -5) - 56?
-69
Evaluate (0 + 0 - 0 - 48) + (-6949 - -6959).
-38
What is the value of (28 + (-10 - -21) - 20) + 8?
27
Calculate 111 - 132 - (-4 + 13 - 8 - 7).
-15
Calculate (32 - (31 - 12) - (88 + 11)) + 12.
-74
Evaluate (-51 - -20 - -23) + 4 - 23.
-27
What is the value of 16 + -21 + 16 + -8 - (-21 + -1)?
25
What is the value of 10 + 11 + 1 + -72 + 5?
-45
-18 - 25 - (0 - 115)
72
(8 - 6) + -10 + (89 - (24 - -3))
54
107 + 0 + -41 + -18
48
What is the value of -2 + -3 + -16 + 3 + 12 + 4?
-2
What is the value of 11 + (-2 - -27) + 17?
53
Evaluate 98 + 26 + -118 + 97.
103
What is the value of (29 - 55) + (-6 - 32 - -72)?
8
85 + -93 + 83 + -68
7
Evaluate -5 - (-13 - -1 - -7) - (-10 + 4 - 3).
9
What is the value of (5 - (-1 + 3 - 23)) + 9 - (9 - 3)?
29
2 + (-34 - (4 + -1)) + -883 + 875
-43
What is 3 + -6 + (-10 + 11 - (-9 - 16))?
23
What is the value of 30 + 32 + -43 - (-3 + 1)?
21
(-20 - -16) + 17 + -13 + -47
-47
Evaluate -3 - -1 - (-4 - 0) - (-1972 - -1990) - -4.
-12
-170 + 40 - (-52 - (-19 - 0))
-97
Calculate -39 + 108 + -71 + 40 + 23.
61
Evaluate (161 - -18 - 29) + -64.
86
Evaluate (12 + -143 - (-5 + -24 + 14)) + -17 + 3.
-130
What is -46 + -8 + (-15 + (6 - 3) - (-29 - -12))?
-49
Evaluate (26 - (2 + -8 + 22)) + -6 + 20 + -3.
21
What is the value of (-4 - 0) + 20 + 312 + -323 + 9?
14
Calculate -6 + 11 + 1 - ((0 - 7) + -27).
40
What is 0 + -1 + (72 - 56) - -6?
21
What is -59 + 95 + -63 - (-106 - 0)?
79
-62 + -5 + (-1090 - -1172)
15
-28 - ((-24 - -17 - -2) + 6 + 9)
-38
What is the value of -42 + (-29 + (-10 + 21 - -4) - -31)?
-25
Evaluate (19 + 14 - 24) + (20 - 2).
27
Evaluate -10 - (30 - -4 - 35).
-9
6 + -10 + 1 + -2 + -6 + 59 - -11
59
4 + 41 - ((1 - 4) + -12)
60
What is the value of 38 + 8 + -10 - (3 + 0 - 3)?
36
What is 0 - -1 - -17 - (-1 + 16 - (-79 + 84))?
8
Evaluate -24 + -33 + (-6 + 7 - 18) + 6.
-68
Calculate 1 - (-2 + -27 + (-59 - -57) + -11).
43
What is the value of (-4 - (23 + -47)) + -2 + 10?
28
Evaluate 58 + -3 - 11 - (13 - (8 - -2)).
41
Calculate -8 + (6 + -30 - 14) + 3.
-43
What is (25 - 22) + 16 - 33 - 10?
-24
Calculate -68 + 1 - (-5373 + 5237).
69
What is (19 + -2 - -1 - (26 + 24 + -34)) + -99?
-97
Evaluate 44 - (64 + (-57 - -40)).
-3
What is (-8 - 1) + (47 + (-11 - -35) - (14 - 0))?
48
(-28 - -41) + -30 + (-14 - 3)
-34
Evaluate (5 - (-10 + -9 + 14 + 5)) + -9.
-4
77 + (10 + (-7 - (5 + -14)) - -12)
101
Calculate 15 - ((13 - -6) + -141 + 90 - -16).
31
Evaluate -2 - (-46 + 62 + (3 - 3 - 26)).
8
-5 + 13 - (8 - (2 + -14) - -31)
-43
Evaluate (39 - -32 - 48) + 12.
35
What is -759 + 791 - (0 - -4)?
28
-15 + 1 - (16 + -10 + -8 + 0 + 9)
-21
92 + 4 - (-14 + (108 - 54))
56
(64 - 35) + (65 - 75)
19
-75 + 113 + (-17 - 43)
-22
What is (-21 + (45 - 45) - -136) + 17?
132
Calculate -10 + -8 + (0 + 16 - (5 + 4)).
-11
What is 3 + 0 - (-101 + (-67 - -105))?
66
Calculate -22 + 13 + -5 + 0 - -75.
61
Evaluate -4 + (7 - -69) + (2 - (-10 - -24 - 2)).
62
Calculate -97 - ((-15 - (13 + -34 + 13)) + -5).
-85
What is -2057 - -2065 - (-1 + -1 + -1 + 3 + -8)?
16
0 + (21 - 14) + -3 + 5 + -2
7
What is the value of 39 - ((-38 - (-21 - -16)) + -34)?
106
What is the value of 71 - (0 - -22 - (-98 - -109))?
60
Evaluate 81 + -5 + 5 + -3 - (17 - 12).
73
What is (24 - 7) + -12 - (-13 + 3 - -48)?
-33
Evaluate 10 + -6 + -6 + (0 - -3) + -4.
-3
What is 13 + 2 - -2 - (89 - 96) - -14?
38
What is -6 + -4 + -5 - (103 - 77 - -45)?
-86
Calculate 27 + (1 + -24 - (-29 + (-10 - -8))).
35
(9 - 36) + -12 + 16 + 1 + 9
-13
What is the value of -8 - (-16 + (11 - -3) + -50 + 3 + -4)?
45
What is the value of 6 + 54 - 22 - (18 - (8 + 7 + -9))?
26
What is -26 + 8 + -31 + 28 + -32?
-53
What is -12 - (-13 - (-15 + 14 - -15)) - -18?
33
What is the value of -27 + (-15 + 25 - (10 + 4 + -2 + 0))?
-29
-61 + (121 - 68) + -73
-81
What is -59 + -1 + (-86 - -66) + (20 - 6)?
-66
What is 108 - 46 - 227 - (19 + -26 - (0 - -6))?
-152
What is the value of (-56 - (-66 - -41)) + -10?
-41
What is -3 - (-12 + -9) - (0 - 6 - -25)?
-1
What is the value of (9 - (-15 + (14 - 11) - -22)) + -11?
-12
0 + 22 - ((-311 - -315) + 5 + -1 + 0)
14
What is 192 - (79 - (120 - 156))?
77
Calculate 21 + (24 + -7 - (-5 + 89)).
-46
(-1 - -1 - (52 + -57)) + (-17 - -3)
-9
Evaluate 6 + 0 + (4 - (2 + -11) - (-79 - -80)).
18
Calculate 28 + -39 + 36 + 17 - (-1 - 3).
46
Evaluate (83 - 3) + (0 - 2) - (33 + -23).
68
What is (-11 - (-2 - (24 - 6))) + -16 - (-2 - -13)?
-18
What is 5 + 8 + (20 - (10 + -3) - -19)?
45
-96 + (95 - -51) + 21
71
Evaluate -54 + (-31 + 18 - -24 - -6).
-37
Calculate (124 - (32 + 339)) + 109.
-138
Evaluate 1181 + -1203 + -2 + 1 + -18.
-41
Calculate -451 + 442 + 3 + (2 - -1) + -14.
-17
Evaluate (90 - 109 - (1 + -2)) + 10.
-8
Calculate 18 + -24 + 14 + -41.
-33
Evaluate -3 - (3 - 3) - (33 + 2 + 0 + -21).
-17
24 - (57 + (-33 - -27))
-27
Calculate 11 + (105 - (40 + 149)).
-73
(-2 - -1) + -6 + -3 + (6 - -10) + -71
-65
What is the value of 1 + -4 + 5 + -16 - -9 - (-72 + 0)?
67
-103 + 198 + -76 + 101
120
What is the value of 173 - 114 - (-39 + 13)?
85
7 - 12 - -6 - -31 - (166 - 155)
21
What is the value of 14 - ((29 - 21 - -4) + -19)?
21
What is the value of (22 - 19) + (-1 - 103) + (51 + -3 - 36)?
-89
What is 6 - (-10 + (-9 - ((-29 - (2 - -6)) + 8)))?
-4
What is 5 + (16 - -11) + -32?
0
What is the value of -16 - (-26 + 21 - (-1 + 5)) - -35?
28
What is -1 - (17 + 2) - (-71 - 12)?
63
354 + -365 - (11 + 21 - -2)
-45
What is the value of -32 + (-22 - (-1 - 7))?
-46
What is 18 - (4 + 32 + -4 + 53)?
-67
Calculate (4 - (-7 - -17)) + (4 - 3) + 81.
76
Evaluate 73 + -127 + 22 - -54.
22
Evaluate 2 - (18 + (-26 - -22)).
-12
What is 2 + -62 + 24 + (4 - 31)?
-63
What is 36 + (72 - 72) - (-4 + -14)?
54
Evaluate 16 - (27 - 72 - -126).
-65
Evaluate (-15 - (1 + 9)) + -7 - (-53 - -61).
-40
What is the value of (2 - 1) + -5 - (-152 - -139 - (-11 + 72))?
70
What is the va